0110001 + 10011?
-1001011110011010011110
In base 14, what is -12 - -1031712?
1031700
In base 11, what is 3 - 9a531?
-9a529
In base 15, what is 1 - -7513ac8?
7513ac9
In base 14, what is 105 + 13225?
1332a
In base 16, what is 7 - -bc2a6?
bc2ad
In base 13, what is 5652c31 + 3?
5652c34
In base 2, what is -1100100111100100000011 + -1?
-1100100111100100000100
In base 8, what is 3566 - -46271?
52057
In base 11, what is -22a80 - 51a?
-2349a
In base 4, what is -20022 + -102132333?
-102213021
In base 7, what is -10202 + 15214?
5012
In base 5, what is 230412040 - -13?
230412103
In base 3, what is -1221002 + -201020012?
-210011021
In base 9, what is 1405555 - 156?
1405388
In base 16, what is fb43ebb + -4?
fb43eb7
In base 11, what is -729 + -173754?
-174382
In base 2, what is -100010000 - 11000001111110111011?
-11000010000011001011
In base 6, what is 24221 + 121?
24342
In base 15, what is 1 + 476154a?
476154b
In base 15, what is 0 - 1a236774?
-1a236774
In base 9, what is -342 + -2556440?
-2556782
In base 12, what is 85 - b32b?
-b266
In base 12, what is 11658 - -398?
11a34
In base 14, what is -835d13 - -6?
-835d0b
In base 2, what is -111001101110000001 - -10010?
-111001101101101111
In base 13, what is -24b4793 - -5?
-24b478b
In base 5, what is -34112224 - -120?
-34112104
In base 6, what is 2255 - -2150210?
2152505
In base 16, what is -f53f + 1?
-f53e
In base 2, what is 11 - -10000001011111111110000011?
10000001011111111110000110
In base 7, what is 140132025 + -1?
140132024
In base 6, what is 34002521 - -20?
34002541
In base 7, what is 2 + -452113?
-452111
In base 5, what is 31130424424 - -3?
31130424432
In base 14, what is 772046 - 1?
772045
In base 13, what is 82 + 176049?
1760cb
In base 15, what is 1ba + d4c72?
d4e3c
In base 16, what is -94 - -119e5?
11951
In base 9, what is 2700516 - 17?
2700488
In base 2, what is -11 + -11111100001100100100100?
-11111100001100100100111
In base 9, what is 1 + 6005561?
6005562
In base 7, what is -5 - -45440335?
45440330
In base 13, what is -980b9378 - 1?
-980b9379
In base 4, what is 3100 + -31012110?
-31003010
In base 6, what is 15 - -53143353?
53143412
In base 12, what is 3 - -a4a53b?
a4a542
In base 13, what is 40 - 18aa6ab?
-18aa66b
In base 9, what is 1058712787 - 3?
1058712784
In base 2, what is 10110100 - 110010010000001001011?
-110010001111110010111
In base 5, what is 32144142234 - -4?
32144142243
In base 5, what is 1303313441 - 40?
1303313401
In base 2, what is -10010000100000000110010101000 - -10?
-10010000100000000110010100110
In base 2, what is 100011010011110001000001 - -101?
100011010011110001000110
In base 2, what is 100110110110 + -11011010?
100011011100
In base 2, what is 1111011010001011111100 + -1011010?
1111011010001010100010
In base 5, what is -223121 - -23211?
-144410
In base 16, what is 9b7 - -4f5?
eac
In base 13, what is -207812b3 - 3?
-207812b6
In base 5, what is -21 + -32423444?
-32424020
In base 6, what is 12303335 + 53?
12303432
In base 9, what is -666063 + -132?
-666205
In base 5, what is -344412002 + 14?
-344411433
In base 4, what is 102212032 - -12033?
102230131
In base 16, what is -893 + -9ed?
-1280
In base 11, what is 114656a3 + -6?
11465698
In base 12, what is 9a1 + -4919?
-3b38
In base 15, what is 161ec0 + -5a?
161e65
In base 5, what is 24 - -114331202221?
114331202300
In base 8, what is -1345526 - -2?
-1345524
In base 7, what is -21150 + -3?
-21153
In base 15, what is 9d + 15b4?
1662
In base 10, what is 6621 - 9933?
-3312
In base 9, what is -1143587 + 2?
-1143585
In base 7, what is 1633 - -143222?
145155
In base 2, what is -100111110100110011101 - -110000?
-100111110100101101101
In base 5, what is -233402130 - 11?
-233402141
In base 16, what is d4218 - -611?
d4829
In base 15, what is -507 - 2d73e?
-2dc46
In base 16, what is ab3e + -27a?
a8c4
In base 7, what is -30362 + 552056?
521364
In base 4, what is -2131322 - 1303111?
-10101033
In base 15, what is 2901a76 + 0?
2901a76
In base 8, what is 1 + -1634616010?
-1634616007
In base 12, what is 1a + -9693a?
-96920
In base 4, what is -2330203203 - -12210?
-2330130333
In base 11, what is 14 + -153746?
-153732
In base 13, what is -512 - c12?
-1424
In base 13, what is -2 + 3001646?
3001644
In base 3, what is -211022 - -220101002002?
220100020210
In base 15, what is -6c + -258ea?
-25967
In base 9, what is -1342324451 + 4?
-1342324446
In base 14, what is -10 - -13aba?
13aaa
In base 15, what is -14a - -640dc?
63e92
In base 8, what is 42722 + -25336?
15364
In base 3, what is -2100022 - -10202002022?
10122202000
In base 16, what is -d - -7e413f?
7e4132
In base 5, what is 121410 - 30000?
41410
In base 14, what is -28a + 155?
-135
In base 2, what is -10000111111 + -1010011101011111011?
-1010011111100111010
In base 11, what is -16299 + 13?
-16286
In base 6, what is 110 + -224204152?
-224204042
In base 5, what is 0 - -114233134?
114233134
In base 4, what is -13021101111330 - 11?
-13021101112001
In base 2, what is -1010100 - 1000100100011100010100?
-1000100100011101101000
In base 8, what is -53267 - -6351?
-44716
In base 2, what is -100 - -1001011011011011001010001?
1001011011011011001001101
In base 12, what is 785 - -217319?
217aa2
In base 12, what is -185466 - -291?
-185195
In base 5, what is 2 + -21334101430?
-21334101423
In base 3, what is -10011110 + 2200201?
-110202
In base 7, what is -5 + 2540541364?
2540541356
In base 4, what is 220020013231022 + -11?
220020013231011
In base 9, what is -8236 + -54400?
-63636
In base 10, what is 304 + 15253?
15557
In base 3, what is -202202 + 10112110112000?
10112102202021
In base 14, what is 2390b82 + 1?
2390b83
In base 7, what is 0 - 20315346?
-20315346
In base 13, what is 6549665a - -1?
6549665b
In base 11, what is -20 - -240a1645?
240a1625
In base 10, what is -15 + -66943191?
-66943206
In base 4, what is -130 - 12133001?
-12133131
In base 12, what is 21 + -b6132b1?
-b613290
In base 8, what is -32 - -7247223?
7247171
In base 10, what is 90574 + -1309?
89265
In base 6, what is 155310030 - -11?
155310041
In base 12, what is 21 + 770a59?
770a7a
In base 5, what is 1224400030 - -12?
1224400042
In base 5, what is 23340 - 332033?
-303143
In base 7, what is -115 + -2510433?
-2510551
In base 5, what is 1031144 + 141034?
1222233
In base 16, what is -b - -207adb?
207ad0
In base 8, what is 23101 - 235?
22644
In base 2, what is 1010101101 + -1110000111010000?
-1101111100100011
In base 10, what is 107 + -478561?
-478454
In base 9, what is 1558475031 + -5?
1558475025
In base 14, what is -15b3a5d - c?
-15b3a6b
In base 10, what is -4167015 - -5?
-4167010
In base 14, what is d55 + 2490?
3405
In base 4, what is 11020103 - 20103?
11000000
In base 8, what is -244 + 2547662?
2547416
In base 8, what is -2412735 + -16?
-2412753
In base 13, what is -4213 + 17602?
133bc
In base 11, what is -35 - -152606?
152581
In base 11, what is -4527 + -16829?
-20255
In base 16, what is ca - -29996?
29a60
In base 6, what is 15030 - -523513?
542543
In base 12, what is -72b + -7234?
-7963
In base 14, what is -1020551 - 11?
-1020562
In base 6, what is -3404425 - 43?
-3404512
In base 11, what is 20432199 + -5?
20432194
In base 5, what is -4 - 1040304203?
-1040304212
In base 4, what is 2 - -33310210230?
33310210232
In base 5, what is -44 - -30224134420?
30224134321
In base 11, what is -1835a38 - -2?
-1835a36
In base 11, what is 1608 - 6aa9?
-54a1
In base 16, what is -59 + -f92ca?
-f9323
In base 9, what is -1755580 - 78?
-1755668
In base 12, what is -50 + -1203aaa?
-1203b3a
In base 16, what is 148b - -9c9?
1e54
In base 6, what is -2500511052 + -23?
-2500511115
In base 4, what is 3 - 111201210220?
-111201210211
In base 10, what is -2 - 24195276?
-24195278
In base 11, what is -5868672 - 0?
-5868672
In base 8, what is -33 + -66231337?
-66231372
In base 2, what is 100010 + 1110111101101100111?
1110111101110001001
In base 12, what is -13939 + -55?
-13992
In base 15, what is 3 - 6a0b4?
-6a0b1
In base 11, what is 452337 + -5a?
452288
In base 11, what is 9444 + 6034?
14478
In base 13, what is -9 + -1247824?
-1247830
In base 13, what is 4 - 422932?
-42292b
In base 11, what is -192aa - -1820?
-1758a
In base 16, what is fd933be - -3?
fd933c1
In base 13, what is 303 + 1319?
161c
In base 6, what is 1021423 - -12341?
1034204
In base 12, what is -5 + 3ba779?
3ba774
In ba